 + -78. Suppose y*k - 324 = 40. What is the remainder when 101 is divided by k?
49
Let q(p) = p**3 + 8*p**2 + 5*p + 6. Suppose -6 = 3*m, t = 2*m - 10 + 46. Suppose -2*r = -t - 44. Calculate the remainder when r is divided by q(-7).
18
What is the remainder when (-22)/(-165) - (-1303)/15 is divided by 33?
21
Let u be (-14)/(2 + 1 + -1). Suppose -41*y + 44*y = 156. Calculate the remainder when y is divided by 9 + (-3 - u) + -8.
2
What is the remainder when 386 is divided by (-11 + -213 + -9)*(-1 - 0/2)?
153
Let t be -40*((-75)/10)/(2 - -4). Suppose -120 = 19*d - 22*d. Let z = t - d. What is the remainder when z is divided by 6?
4
Suppose 5*o - 2*n = 34, -o + 4*n - 28 = -3*o. What is the remainder when o is divided by (-2 + 0)*1*(-20)/8?
3
Let j = 157 + -65. What is the remainder when (128/10)/((-44)/(-1210)) is divided by j?
76
Let z = -787 - -825. What is the remainder when 720 is divided by z?
36
Let q(m) = 6*m**2 + 311*m + 17. Calculate the remainder when 2755 is divided by q(-52).
64
Let p(t) = -2*t**2 + 3*t + 1. Let y be p(-1). Let z(h) = h**2 - 13*h - 52. What is the remainder when 110 is divided by z(y)?
14
Suppose -48*n = -52*n - 86*n + 986670. What is the remainder when n is divided by 129?
127
Suppose -233*s - 128*s = -637165. Calculate the remainder when s is divided by 175.
15
Let c(t) = 3*t**3 + 4*t**2 - 3*t - 3. Let w be c(-3). Let f = w + 93. Let l = f + -43. What is the remainder when 97 is divided by l?
9
Let m = -31 - -32. Let x(o) be the second derivative of 21*o**5/20 - o**4/12 + o**3/3 - o**2 + 23*o. What is the remainder when 37 is divided by x(m)?
17
Let a be -9 + -2 + 22 - 2. Suppose a*q = 14*q - 1690. What is the remainder when q is divided by 68?
66
Let n be (39 - -1)/(4/2). Suppose -n - 1 = -4*q + i, -2*i = 5*q - 23. Calculate the remainder when (-11)/((-33)/(-6)) + (1 - -14) is divided by q.
3
Let p = -11505 - -12058. What is the remainder when p is divided by 32?
9
Suppose 379 = -4*u - 3*o, 11*u - 359 = 15*u - o. Let c = u + 112. Calculate the remainder when c is divided by 5.
1
Suppose -7*i = 8*i - 240. Calculate the remainder when 294/28*i/3 is divided by 15.
11
Let p(c) = -17*c - 256. Let w be p(-15). What is the remainder when 57 is divided by ((-7 - -2) + 7)*w/(-2)?
0
Let s = -15463 - -15548. Calculate the remainder when 3650 is divided by s.
80
Suppose -4*w + 6235 = 3*h, 40*w + 1560 = 41*w + h. Calculate the remainder when w is divided by 22.
15
Suppose 13*x - 9*x = -144. Let j = x + 36. Suppose 0 = 2*g - j*g - 24. What is the remainder when 20 is divided by g?
8
Suppose 3*u + 46*q - 1502 = 47*q, -2*q - 2504 = -5*u. Calculate the remainder when u is divided by 217.
66
Let t = 18474 - 8227. What is the remainder when t is divided by 25?
22
Let h(j) = -j**3 - 127*j**2 + 130*j + 327. What is the remainder when 587 is divided by h(-128)?
19
Let d(f) = f**3 - 16*f**2 - 57*f + 26. Let a be (-204)/(-9)*(-9)/(-6). Suppose -3*l + a + 17 = 0. Calculate the remainder when d(19) is divided by l.
9
Calculate the remainder when (2575 - 0/5) + -5 is divided by 143.
139
Suppose -1274*m = -1176*m - 87318. What is the remainder when 894 is divided by m?
3
Let d = -22627 + 22657. What is the remainder when 3809 is divided by d?
29
Let s(h) = h**2 - 4*h - 3. Calculate the remainder when ((142 + -1)*12/9)/(7/14) is divided by s(8).
28
Let q(u) = 10*u**2 + 177*u + 5. Calculate the remainder when 2121 is divided by q(-18).
56
Let t = 1920 + -1131. What is the remainder when t is divided by (416/(-80))/(-13) + 236/10?
21
Let c(a) = a + 26. Let v be c(-20). Suppose 11*h + v*h = 0. Calculate the remainder when 79 is divided by -2 + -2 + h - (-44 - 0).
39
Let g = 5589 - 5457. Calculate the remainder when 145 is divided by g.
13
Let w = -86 - -92. Suppose 78 = 12*y + w. Let z(f) = f - 1. Calculate the remainder when y is divided by z(3).
0
Let d = -145 + 150. Suppose -5*f + r - 3*r + 259 = 0, -174 = -3*f + d*r. Calculate the remainder when f is divided by 27.
26
Let q = -2318 + 2347. Suppose 2*f - 111 = 49. What is the remainder when f is divided by q?
22
Let x be -1 - (-4)/((-4)/3). Let w be 4/8*x*1. What is the remainder when 23 is divided by 1*(-30)/w + -3?
11
Suppose -3*p + 42 = -4*f, 50*p - 47*p - 5*f = 42. Suppose g - 3*u = 29, -3*u + 2*u = -g + 35. Calculate the remainder when g is divided by p.
10
Let n(f) = -2*f**2 + 4*f + 88. Let z be n(14). Let w = z + 259. What is the remainder when w is divided by 2?
1
Let v = -102 - -68. Let d = 37 + v. Suppose 5*c + 2*s = 461, 2*s + 134 = d*c - 133. Calculate the remainder when c is divided by 31.
29
Let w be ((-18)/8)/(7/(-56)*3). Suppose w*o = 12*o + 66. Let i(u) = -u**3 - 10*u**2 + 10*u - 3. Calculate the remainder when i(o) is divided by 3.
2
Let w(b) be the third derivative of b**5/60 - 5*b**4/8 + 19*b**3/3 - 12*b**2 + 2. Calculate the remainder when 778 is divided by w(13).
10
Let u(y) be the second derivative of y**4/12 + 7*y**3/3 - y**2/2 - 5*y. Let b be u(-14). What is the remainder when 115 is divided by (-60)/(b + -1) + -5 + 4?
28
Let a be -2 + 2*4 + -1. Suppose 192 = 68*k + 20 - 32. Suppose r - 52 = -k*u, a*u - 5*r + 3 = 63. What is the remainder when 43 is divided by u?
11
Let p(x) = -x**2 + 35*x - 60. Let u be p(30). Suppose 0 = -5*j + 5*o + u, 5*o - 70 = -9*j + 6*j. Calculate the remainder when j is divided by ((-8)/6)/(4/(-6)).
0
Suppose -87*n - 1241 + 3355 = -2062. What is the remainder when n is divided by ((-2)/3)/(6/(-117))?
9
Let f(b) = 127*b**2 + b. Let q be (2*(-3)/18 - 0)*-3. Let y(u) = -19*u + 63. Calculate the remainder when f(-1) is divided by y(q).
38
Suppose 306*v - 424586 = -93188. What is the remainder when v is divided by 7?
5
Let s(n) = n**3 + 14*n**2 + 18*n + 76. What is the remainder when 176 is divided by s(-13)?
0
What is the remainder when 347 is divided by 624/4 + 16/4?
27
Let z(a) = -192 - 185 + 12*a - a + 134 - 141. What is the remainder when 207 is divided by z(40)?
39
Let o = 400 + -409. What is the remainder when 144 is divided by (-7 - o)*((-19)/(-2) - -3)?
19
Suppose 0 = d - 4*s - 91, 10*d - 90 = 9*d + 3*s. What is the remainder when 337 is divided by d?
76
Suppose 485 + 229 = 34*w. Let j(h) = h + 4. Let c be j(-6). Calculate the remainder when w is divided by 15 + c + 2 + -2.
8
Suppose -36 = -d - k, -3*d + 112 - 12 = k. Suppose -4*n - b + d = 0, 1 + 11 = -3*b. Let y = 12 - n. Calculate the remainder when 4 is divided by y.
1
Suppose -y + u - 2 = 0, -2*y = -3*u + 4 + 2. Suppose 4*l - 1317 - 435 = y. What is the remainder when l is divided by 40?
38
Suppose 2*q - 322 = -5*p, 5*p - q = -0*q + 319. What is the remainder when 197 is divided by p?
5
What is the remainder when 1199 is divided by (-5)/(-25) + -3 + (-376)/(-20)?
15
Suppose -19*o + 511 = -401. What is the remainder when 1283 is divided by o?
35
Suppose -13*n = -10029 + 1527. Calculate the remainder when n is divided by 642.
12
Let x = 3190 + -3013. What is the remainder when x is divided by 30?
27
Let c(r) be the third derivative of -r**6/10 + r**5/30 + r**4/24 + r**2. Suppose -23*v = 54*v + 77. Calculate the remainder when 51 is divided by c(v).
12
Let j be (-8)/60 + 5710/75. Suppose 0 = -5*a + 3*a - q + j, a - 52 = -4*q. Calculate the remainder when 117 is divided by a.
9
Suppose -150*n + 5338 = -20*n + 1308. Calculate the remainder when 248 is divided by n.
0
Let g(l) = -14*l - 72. Let b be g(-23). Let z = 134 + b. Suppose 12 - z = -6*j. What is the remainder when j is divided by 11?
7
Let a be (-2)/(-4)*(1 + -39). Calculate the remainder when 91 is divided by -2 + 5 - (a - 2).
19
Let c(n) = -36*n**2 - 223*n + 25. What is the remainder when c(-5) is divided by 42?
30
Suppose 4*c + 584 = 4*v, -25 = -35*c + 40*c. Calculate the remainder when v is divided by 6.
3
Suppose 4*g = 5*g + 2*k - 117, -2*g + 228 = -2*k. Suppose -3*u + 5 = -g. Calculate the remainder when u is divided by 8/(48/9)*9 + 145/(-58).
7
Let p(l) = 2*l + 8. Let d(o) = o + 5. Let m(k) = 7*d(k) - 5*p(k). Let j be 1/((-126)/(-52) + (-185)/74). Calculate the remainder when 67 is divided by m(j).
33
Let n(v) = -5*v - 19. Let s be n(-9). What is the remainder when 88 is divided by (18/(-4) + 5)/(1/s)?
10
Suppose -44*p = -40*p + 3*j - 478, -2*p + 254 = 4*j. Calculate the remainder when 2414 is divided by p.
114
Suppose 0 =